 n?
6
Suppose -3*c + 25 = 2*c. Suppose a = -z + 5 - 0, 3*a = -z + 5. Suppose -3*x + 4*h = 2*x - 55, z*x - c*h = 55. What is the units digit of x?
1
Suppose 5*b - 18 = -4*b. Let y(r) = 4*r**2 + 2 - 2*r + 0*r - 2*r - r**3. What is the units digit of y(b)?
2
Let s = -23 + 7. Let c(y) = -26*y + 14. Let k(f) = -5*f + 3. Let r(p) = s*k(p) + 3*c(p). What is the units digit of r(4)?
2
Let f = 154 + 37. What is the tens digit of f?
9
Suppose 0*p + 2*p + 3*l = 13, p - 12 = 4*l. Let g = p - -17. What is the units digit of g?
5
Let a(v) = -2*v**2 + 3*v - 9. Let o(p) = -p**2 + 3*p - 8. Let u(w) = -2*a(w) + 3*o(w). What is the units digit of u(-5)?
4
Let y = 7 - 4. Let z(c) = 5*c**2 + 4*c + 1 - 4*c + 2*c**3 - 3*c**y. What is the units digit of z(5)?
1
Suppose s - 62 = -s. Suppose -9 = 5*h + s. Let c = -4 - h. What is the units digit of c?
4
Suppose -6*o = 12*o - 5130. What is the tens digit of o?
8
Let q(a) = a**2 + 4*a + 11. What is the tens digit of q(8)?
0
Let h(m) = -5*m - 1. Let c be h(-1). Suppose 0 = c*x - 0*x - 12. What is the units digit of x?
3
What is the units digit of 3 - (2 + 24)*-1?
9
Suppose k - 25 = 4*g, 4*g - 53 = -6*k + k. Suppose -3*p = -20 - k. What is the units digit of p?
1
Let j = 0 + 5. Let i = 7 + j. What is the units digit of i?
2
Let i(c) = -2 + 1 + 6*c - 3*c. What is the units digit of i(3)?
8
Let c = -6 - -5. Let h be (c - -2) + (2 - 25). What is the units digit of 4/h - (-145)/11?
3
Let w(h) = -h**2 - 11*h - 5. Let m be (-35)/4 - 3/12. Let q be w(m). Suppose 2*a - a = q. What is the units digit of a?
3
Let g = 33 - 7. Let k = g - 12. What is the tens digit of k?
1
Let n = 7 + -3. What is the units digit of 1*(-2 + 3) + n?
5
Suppose -31 + 81 = 2*n - 5*x, 5*n - 125 = -4*x. Let w = 14 - n. Let l = -3 - w. What is the units digit of l?
8
Suppose -48 = -0*z - 6*z. Let k(h) = -h**3 - 11*h**2 + 7*h - 3. Let a(v) = -v**3 - v**2 - v. Let x(w) = -2*a(w) + k(w). What is the units digit of x(z)?
5
Let l be -5 + 2 + 5 - -2. Suppose -2*v - 30 = -0*b - 3*b, -l*v = -b + 10. What is the units digit of b?
0
Suppose -1 = 3*t - 400. What is the hundreds digit of t?
1
Let z(y) = -10*y**2 + 12*y - 3. Let m(p) = -p**3. Let t(b) = -m(b) - z(b). Let x be t(-11). Let o = x + -10. What is the units digit of o?
4
Let p = 20 + 40. What is the tens digit of p?
6
Let k = -22 + 47. Suppose 3*r - k = 2*r. Suppose 2*n - 2*d = 22, 5*n - d - 18 = r. What is the units digit of n?
8
Let a = -27 + 45. What is the units digit of a + 2/(0 - 1)?
6
Suppose 0 = 2*b - 7 - 19. What is the units digit of b?
3
Suppose 0*b = -b. Let k be -2 + 4 + b + 2. Let c = 7 - k. What is the units digit of c?
3
Let v(w) = 3*w**2 - 36*w + 36. Let q(f) = -2*f**2 + 24*f - 24. Let i(x) = 7*q(x) + 5*v(x). What is the units digit of i(14)?
0
Suppose 0*r + 3*p = 2*r - 33, 5*r = -p + 125. Suppose 3*x + r = g, -22 = -3*g - 5*x - 6. What is the units digit of g?
2
Suppose d + 152 = -3*d + 4*c, 4*c + 76 = -2*d. Let a be -2 - (0 + d*1). Suppose a = t + 3*t. What is the units digit of t?
9
Let r = 96 - 58. What is the tens digit of r?
3
Let z = -595 - -895. What is the tens digit of z?
0
Let h = -2 - -35. Let f = h + -16. What is the units digit of f?
7
Suppose -1443 = -18*c + 5*c. What is the tens digit of c?
1
Suppose 0*o = -4*o. Suppose o = 5*h + 28 + 67. Let u = -9 - h. What is the tens digit of u?
1
Suppose q + 2 = 6. Suppose -5*x = -3*b, -2*b + 0*b + 2*x + q = 0. Suppose 5 = -s, -2*s = 5*j - 4*j + b. What is the units digit of j?
5
Let a(r) = -7*r + 4. What is the tens digit of a(-4)?
3
Suppose 2*d + 0*d = 0. What is the tens digit of -14*((1 - 2) + d)?
1
Suppose -5*l + 4 = k - 221, -128 = -3*l - 2*k. What is the tens digit of l?
4
Let w(m) be the first derivative of -m**3/3 - 3*m**2 - 4*m + 3. Suppose 15 = -4*u - 5. What is the units digit of w(u)?
1
What is the units digit of (-3)/9 - (-116)/6?
9
Suppose 8*m = 7*m. What is the units digit of (-3 - m)/((-3)/4)?
4
Let o(r) = -4*r**2 - 2*r - 1. Let s be o(-1). What is the units digit of s - 24/(-2 - 1)?
5
Let s(n) = -24*n**3 + 2*n**2 + 2*n - 4. What is the hundreds digit of s(-2)?
1
Let f(x) = -x**2 - 4*x + 7. Let v be f(-5). Let o = 9 - v. Suppose -h + 1 + o = 0. What is the units digit of h?
8
Let m be (2/(-6))/((-1)/33). Let h = m - 8. Suppose -2*l + h = -31. What is the tens digit of l?
1
Let t(g) = -g + 2. Let i be t(3). Let s = i + 6. What is the units digit of s?
5
Suppose -5*q = -2 - 8. Let i(g) = -g + 5. Let v(r) = r - 11. Let b(y) = -9*i(y) - 4*v(y). What is the units digit of b(q)?
9
Let j(q) = q**3 - q**2 + 4*q - 4. What is the tens digit of j(3)?
2
Let r = -3 + 25. Suppose 4*n - r = -5*f, -4*n + 16 = 5*f - f. What is the units digit of f?
6
Let n = -144 - -303. What is the tens digit of n?
5
Suppose -6*b + 11*b - 250 = 0. What is the tens digit of b?
5
Suppose -75 = -5*i + 2*z, 2*i + 2*z - 57 + 13 = 0. Let r = 18 - i. What is the units digit of r?
1
Suppose -3*r = -0*r. Suppose 0*u = 4*h - 4*u - 112, -5*h - 5*u + 100 = r. What is the units digit of h?
4
Let f be -3 - (8 + 0 - 3). Suppose 0 = -4*g + 25 + 19. Let s = f + g. What is the units digit of s?
3
Let v = -3 - -4. Let s = 13 + -8. Suppose -4*q - v = s*h, -3*h - 11 + 4 = -4*q. What is the units digit of q?
1
Let w = 6 + 10. What is the units digit of w?
6
Suppose 0 = 4*y + 3*o - 4, 3*y + y + 2*o - 8 = 0. Suppose 0 = -y*z + 8*z - 76. What is the tens digit of z?
1
Let q(r) = 12*r**2 - 3*r + 3. Let k be q(-3). Suppose -d = -5*d + k. Suppose -3*j - 8 = -2*p - 31, d = 4*j - 3*p. What is the units digit of j?
9
Let u(m) = -15*m + 9. Let o(x) = 8*x - 5. Let s(k) = 9*o(k) + 5*u(k). Let t be s(4). What is the units digit of 18/2*(-4)/t?
3
Suppose 795 - 130 = 7*z. What is the tens digit of z?
9
Suppose -10 = -4*i + 2. Suppose -6*z + 6 = -i*z. What is the units digit of z?
2
Let m(u) = 6*u**2 - u + 1. Let l be m(1). Suppose -7 = -v + 2*g + l, 4*g = -2*v + 2. What is the units digit of v?
7
Suppose -5*x + 3*x + 70 = 0. Suppose x = 5*o - 20. What is the tens digit of o?
1
What is the hundreds digit of 1130/(-4)*4/(-5)?
2
Suppose 94 = 10*x - 116. What is the tens digit of x?
2
Suppose -5*x + 45 + 175 = 0. What is the tens digit of x?
4
Let n(h) = 5*h + 5. Let o be n(3). Suppose 4*c = m, 3*m + 30 = -0*m + 2*c. Let j = o + m. What is the units digit of j?
8
Let f = 24 + -20. What is the units digit of 68/5 - f/(-10)?
4
Suppose 2*p + 35 = 9. Let w = p - -18. Suppose w*g - 2*g = 24. What is the units digit of g?
8
Suppose -10 = -4*l + 3*l. Suppose -3*c - g = -5*c + 6, -4*c - 5*g + 26 = 0. Suppose l = k + c*k. What is the units digit of k?
2
Suppose -4*s + 82 = 5*p, -2*s + 12 = 4*p - 56. What is the tens digit of p?
1
Let q = -20 + -10. Let j = q - -53. What is the tens digit of j?
2
Let v be 0/(-4) + (-1 - -27). Let f be v/8 + 4/(-16). Suppose q + 26 = f*q. What is the units digit of q?
3
Let u(t) = t + 2. Let d(r) = r + 1. Let z(h) = -4*d(h) + u(h). What is the units digit of z(-5)?
3
Let b(d) = 2*d**2 + 3*d - 1. Let y be b(2). Let t = y + -8. What is the units digit of t?
5
Suppose 4*u + 5 = 5*u. Suppose -3*q + 63 = u*s, 5*q + s - 64 = 41. What is the units digit of q?
1
Let j = 697 - 427. What is the units digit of j?
0
Let k(c) = c**3 - 4*c + 3. Let m be k(2). Let q be (-1)/3 + 85/m. What is the units digit of (-1)/(-3) - q/(-6)?
5
Let l(h) = h**2 - 2*h + 38. Let o be l(0). Suppose -n - 2 = -3*a - o, -2*n = 5*a - 17. What is the units digit of n?
1
Let p(a) = -a - 9. Let x be p(-8). Let g = 1 + 0. What is the units digit of (-1)/x*4 + g?
5
Suppose 5*l = -5*v + 60, v = 4*v - 12. Suppose 0 = 6*y - 5*y - l. Suppose 42 = 5*b - y. What is the units digit of b?
0
What is the tens digit of ((-8)/8)/((6/106)/(-3))?
5
Suppose -3*o = -g - 168, -4*g - 139 - 20 = -3*o. What is the tens digit of o?
5
Suppose 5*o - 123 = 17. What is the units digit of o?
8
Let f = 105 - 17. Suppose -f = -5*u + 3*u. What is the units digit of u?
4
Let n(i) = -9*i. Let j(r) = 10*r. Let p(f) = 3*j(f) + 4*n(f). What is the tens digit of p(-2)?
1
Let x(t) = t**3 - 5*t**2 - t + 3. Let a be x(5). Suppose -23 = -3*v + 10. What is the units digit of v - -1*(-4 - a)?
9
Let c = -3 - -5. Let d(m) = -1 - m**3 - m**2 - 2*m - 2*m**c + m**2. What is the units digit of d(-2)?
3
Suppose 140 = 201*d - 197*d. What is the units digit o